 + 1?
5
Evaluate 1 - (6 + 1 + -3).
-3
Calculate 5 + 0 - (34 - 33).
4
Evaluate (-6 - (-4 - 3)) + 15 - 7.
9
72 + -65 - (0 - -13)
-6
What is the value of 4 + 0 + 0 + -2?
2
Calculate 1 - (5 + 4 + -5).
-3
-3 - (3 - ((-1 - -1) + 3))
-3
Calculate 3 - (0 + 2) - (3 - 1).
-1
-4 + 7 + -2 - 3
-2
Calculate 1 + (-6 - 10) + 9.
-6
Evaluate -2 - ((1 - -3 - -2) + -4).
-4
What is the value of (4 - 1) + 16 + -15?
4
What is -30 - -35 - (0 + 6)?
-1
-1 - (-1 + -1) - (116 - 122)
7
What is the value of 3 + -3 + (-6 + 3 - 0)?
-3
What is the value of 4 - 2 - (-1 - 2)?
5
Evaluate (2 + -2 + -4 - -1) + 8.
5
What is 0 - (3 + -1) - -6?
4
(-1 - 1) + (-6 - -10) - 0
2
What is 5 - (-10 + 14) - (1 - -2)?
-2
Evaluate -49 - -43 - (-3 - -2 - 5).
0
Calculate -2 - (-3 + -2 + (-20 - -25)).
-2
What is 8 + -1 - (-4 - -10)?
1
What is the value of (3 + 5 - -5) + -4 - 5?
4
What is (0 - 5) + -2 + 4?
-3
What is 1 - -1 - (18 - 6 - 8)?
-2
-11 + (-4 + 6 + 2 - -2)
-5
Calculate -4 + (6 - (12 + -6)).
-4
What is the value of 0 + (-1 - 1) - (-2 + 2)?
-2
What is -1 - (-3 + -1 + 9)?
-6
What is (-1 - (-13 - -1)) + -27 + 21?
5
What is the value of -2 + (-2 - -2) + 0?
-2
Evaluate 1 + -2 + -7 + 10.
2
Evaluate (4 - (5 + -2 + -2)) + -1.
2
What is the value of 1 - ((8 - 4) + 2)?
-5
(8 - 3) + (-7 - -6)
4
What is 0 + 4 + -3 + -5 + 0?
-4
3 + (6 - 5) + 2 + -2
4
Evaluate -3 + -10 + 8 + 1.
-4
Evaluate -75 + 82 + -2 + -1.
4
What is the value of (0 - 11) + 81 + -62?
8
What is (9 - 12) + 3 + 3?
3
-4 + (-3 - (3 - 8)) - -2
0
Calculate 6 + 3 + -7 + -6 - -4.
0
Calculate 19 - 18 - (0 - -2).
-1
What is -3 + (-1 - -11) + -4 + -7?
-4
What is (-1 - -2) + (-1 - (8 - 3))?
-5
1 + -13 - (163 + -172)
-3
What is 4 - 10 - (-1 - 0)?
-5
Calculate 5 + -3 + -5 + 0 + -2.
-5
Calculate 3 + 0 + 6 + -11 + 7.
5
Evaluate 0 - (10 - 8) - (-3 + 0).
1
Evaluate 34 + -31 + (-5 - 1).
-3
What is -4 + 1 + (-4 - -6) - 1?
-2
Calculate (2 - -1 - -2) + -2.
3
Evaluate (0 - -1) + (-3 - -2).
0
-1 - (1 - 4) - 5 - -7
4
Evaluate -8 + (8 - 14 - -10).
-4
What is the value of (21 - 24) + (1 - 0)?
-2
0 - (7 - (-1 + 5 + 10))
7
What is the value of -1 + -5 + 13 + -5?
2
What is the value of -2 - (-1 + 2) - (-4 - -4)?
-3
Evaluate -7 - (-9 + -1 + -3).
6
Evaluate (76 - 72) + (1 - (-4 + 0)).
9
What is the value of -2 - (-4 + -4 + 10)?
-4
3 - (-9 + 1 + (-18 - -33))
-4
What is the value of 1 + (-1 - 2) + -1 + 1?
-2
-4 - (8 + (4 - 22))
6
What is (2 - 23) + 10 - (5 - 7)?
-9
Calculate -3 - (-1 - (4 + 2)).
4
Calculate 17 + (-7 - 6) + -1 + 2.
5
What is 4 + (2 - (6 - 0 - 0))?
0
What is 15 + (-1 - (6 + 0 + -2))?
10
What is the value of 4 + 0 - ((-7 - -5) + 5)?
1
What is the value of -2 + (5 - 0) + 12 + -19?
-4
Calculate (0 - -5) + (-7 - -3) - 0.
1
-4 - ((8 - 16) + 1)
3
What is the value of 10 + (11 - 29) + 14?
6
16 - (-12 + 16) - 19
-7
Evaluate -8 + (7 - 1) - (-2 - 1).
1
(1 - (3 - 0)) + 7
5
1 + (13 - (10 - 3)) + -7
0
3 + 2 + (-4 - -3)
4
What is the value of 7 + (4 - 8) - (0 - 5)?
8
3 + (-6 - (-5 + 8 + -5))
-1
What is -4 + (5 - -3) + 5?
9
What is the value of 0 + (-1 - (7 - (5 - 1)))?
-4
What is 4 + 0 + -5 + 3?
2
1 + (4 - (7 - 1))
-1
Evaluate -14 - (7 + -21 - -5).
-5
Evaluate (-5 - -10) + (16 - 18).
3
Evaluate -5 - (-3 + 2) - -3.
-1
Evaluate 5 - (9 + -6 - (-7 + 2)).
-3
What is 8 + 9 + -19 + (0 - 2)?
-4
Evaluate 0 - (1 + -1) - (-1 - -3).
-2
Calculate 9 + 4 + -3 + -5.
5
6 + 0 - (-5 + 13 + -3)
1
Evaluate -7 + -3 + 6 + 2.
-2
Calculate 4 + 4 + -4 + 0.
4
Calculate 3 - -3 - (-6 - -9) - -6.
9
Calculate 10 + (0 + (-2 - -2) - 5).
5
What is the value of (31 - 26) + (-9 - -1)?
-3
0 + -7 + 2 - -3
-2
Calculate 0 - 0 - ((-5 - -13) + -7).
-1
Calculate -7 + 0 + (-3 - -1 - -5).
-4
What is 0 - (-4 - (0 + -9 - -2))?
-3
Calculate (5 - 0) + 0 - (-6 + 9).
2
4 + (0 - 3) + (2 - 4)
-1
Calculate -3 - (-5 + 4 + 2).
-4
Evaluate (-1 - -1) + -4 + 82 + -82.
-4
Calculate 3 - (-3 + 1 + 0 + 1).
4
What is (-2 - 1) + -3 + (-4 - -13)?
3
9 - (13 - (13 - (3 - -2)))
4
What is the value of -3 + (-3 - -3) + 8?
5
What is -4 + 0 + -8 + 17?
5
(1 - 8) + -2 + (-1 - -5)
-5
Calculate -3 + (5 - 4) + -1.
-3
Evaluate -6 - (-8 - -3) - 1.
-2
Evaluate (6 - (-1 + 22)) + 9.
-6
What is the value of -4 + 9 - -10 - 7?
8
Calculate (37 - 33) + (3 - 2 - 13).
-8
What is -1 + 0 - -1 - 3 - -7?
4
Evaluate -2 + 1 + 11 - (24 + -23).
9
Evaluate -1 - (-1 - -1) - (6 + -6).
-1
What is -3 + 8 + -11 + 4?
-2
Calculate 0 + (0 - (-3 - 2)).
5
What is the value of 0 + 4 + 7 + (7 - 14)?
4
What is 4 - (6 + 10 - 8)?
-4
Evaluate (-7 - (7 + -13)) + -8 + 5.
-4
What is the value of -4 + -9 + 10 - -8?
5
What is the value of (-8 - -4) + 1 + 6?
3
What is the value of -4 + 0 + (-6 - -9 - -1)?
0
Evaluate 2 + (1 - (1 - -6)) - -7.
3
Calculate (3 - (11 - 6) - 5) + 15.
8
-4 - (1 + (0 - 1 - 3))
-1
Calculate 2 - (0 + 4 - 1).
-1
What is -6 - -1 - 8 - -7?
-6
What is 2 - (1 + (1 - 3 - -2))?
1
Calculate (-3 - -1) + (6 - 1).
3
What is the value of -23 + -5 + 14 + 8?
-6
Evaluate -4 - (6 - (-7 - -11)).
-6
What is the value of (-7 - (-3 + -3)) + 7?
6
Calculate -5 + (9 - (-3 - -10)).
-3
What is -2 + (-2 - 0) - (-4 + -5)?
5
Calculate -4 + 2 - (-15 - -13) - -4.
4
Calculate 16 + -14 - (0 + 1).
1
Evaluate 6 - 3 - (-4 + 3) - -1.
5
What is 14 + -2 + -9 - (0 - -2)?
1
Evaluate 4 + -4 + 2 + (3 - 2).
3
Calculate 4 + (3 - 5) - (-3 + 0).
5
Evaluate (-24 - -24 - (2 - 4)) + 0.
2
Calculate 1 + (2 - (-5 - (-12 - -3))).
-1
Evaluate 5 + -2 - (4 + 0 - 2).
1
Evaluate 1 + 1 + -3 - (0 + 0).
-1
Evaluate (7 - (-10 + 26)) + 13.
4
1 + (0 - -6) + -4
3
What is -1 + 3 + (-3 - (1 + -4))?
2
What is -1 + 2 + (-4 - 3) + -1?
-7
What is the value of -4 + 11 + -5 + 5 + -1?
6
What is -7 + 1 - -15 - 6?
3
What is the value of 9 + (7 - 9) + -8?
-1
What is (-4 - -2) + -4 + -4 + 12?
2
What is (10 - (3 - 0)) + (-3 - 3)?
1
Calculate -4 - -6 - (15 - 9).
-4
Calculate (259 - 262) + (5 - 0).
2
Calculate 7 - (12 + -5 + 8).
-8
Evaluate 2 + -8 + 3 + 1 + 7.
5
3 + 1 - -3 - 7
0
What is 2 + (1 + 4 - 16)?
-9
Evaluate (-9 - 2) + 4 + 10.
3
Calculate -3 - (-3 + 5 - (0 + 6)).
1
64 - 64 - (3 + -1 - -1)
-3
Calculate (0 - -5) + (18 - 23).
0
Evaluate -2 + 1 - (2 + 2 - 5).
0
Evaluate 1 + (-2 - -2) - (7 - 4).
-2
What is the value of (5 - 5) + 3 + -13?
-10
What is (-85 - -87) + (-1 - 2)?
-1
Evaluate 4 + -4 - -6 - 6.
0
-5 - (1 - 4) - -3
1
What is -4 + (4 - -2) + -2?
0
(-5 - -5) + 3 + 0
3
What is the value of 4 + -5 + 2 - -2?
3
(9 - 2 - 1 - 4) + 1
3
25 - 21 - (6 + 1)
-3
Calculate -1 + 0 + (8 - (1 + 1)).
5
What is 0 - -6 - (-3 + 0 + 5)?
4
Evaluate 0 + -4 + 6 + 1 + 0.
3
-5 - -5 - (1 + -2)
1
Evaluate 13 - 3 - (33 - 18).
-5
Calculate 8 + 1 + -9 + -1 + -2.
-3
12 + -5 + -1 + -3
3
What is the value of (0 - -7) + 94 + -98?
3
Evaluate 3 + 1 - 2 - (22 - 16).
-4
-2 - (1 + -8 + 1)
4
What is the value of -5 - (-7 - -7 - 10)?
5
What is -1 + -8 + -3 + 6 - -1?
-5
Evaluate -1 + 1 - (12 + -7).
-5
(3 - (2 + -4)) + (-2 - -2)
5
-6 - (0 + 0 + -1)
-5
Calculate 5 - (0 - 3 - (-42 + 39)).
5
-9 + -6 - (13 + -22)
-6
What is -5 + (0 - (-3 - 2 - 0))?
0
What is the value of -1 - (-9 + -1 + 4)?
5
What is -3 + (13 - -4) + 3 + -8?
9
Calculate 3 + (4 - 4) + -4.
-1
Calculate -1 - (7 + -5 - 2).
-1
Evaluate -1 + 4 + -8 + 6 + 3.
4
What is the value of 0 + (3 - (2 - -4)) + 2?
-1
Evaluate (4 - 3 - 5) + 7.
3
What is -3 - 8 - (1 + -6)?
-6
What is -1 - (5 - (1 + 2)) - -1?
-2
Calculate -12 + 13 + -1 - -1.
1
What is (-2 - (0 + -6)) + -1?
3
What is -1 + -8 + 10 + -3?
-2
What is the value of (6 + -3 - 3) + (0 - -3)?
3
Calculate -11 - -2 - (-1 - 6).
-2
What is the value of -2 - (2 - -8 - 17)?
5
-8 + 10 + -3 - 7
-8
Calculate -6 + (4 - (2 + -2 - -3)).
-5
Calculate 2 - (13 - (1 + 4)).
-6
Evaluate 10 + -4 + -12 + 7.
1
What is the value of 10 - (-1 + -1 + 11)?
1
-5 - (2 - 10) - (-5 - -5)
3
What is the value of 3 + (25 - 21 - (6 - -1))?
0
What is the value of (3 - 2) + -1 + -5?
-5
Calculate 18 + (15 - 7) + -13 - 3.
10
What is 23 + (4 - 17) - 13?
-3
Evaluate -6 + -3 - (18 + -24).
-3
7 - 3 - 3 - (1 + 3)
-3
-3 - (6 + -4 - 7)
2
8 + 0 + -15 + 8
1
What is -4 + 4 + (-1 - -1)?
0
Evaluate 0 - (0 - ((4 - 1) + -6)).
-3
3 - 0 - (-1 - 0 - -6)
-2
What is the value of -27 + 19 - (1 - 0)?
-9
Calculate 53 - 48 - (2 - 0).
3
Calculate 1 - -1 - (6 + 0).
-4
What is the value of (-2 - 0) + (-11 - -11) - 3?
-5
What is 3 + (8 - 12) - (0 - 3)?
2
What is 6 - (3 + -4 + 2)?
5
Calculate -7 - (1 + (-5 - -3)).
-6
Calculate (-11 - (-12 +